{"id":7341,"date":"2025-10-25T16:41:34","date_gmt":"2025-10-25T16:41:34","guid":{"rendered":"http:\/\/katzenzuhause-shop.de\/?post_type=product&#038;p=7341"},"modified":"2026-03-21T10:27:18","modified_gmt":"2026-03-21T10:27:18","slug":"personalisiertes-kreuz-zur-kommunion-personalisiert","status":"publish","type":"product","link":"https:\/\/katzenzuhause-shop.de\/?product=personalisiertes-kreuz-zur-kommunion-personalisiert","title":{"rendered":"Personalisiertes Kreuz zur Kommunion"},"content":{"rendered":"\n<p>\ud83d\ude4f <strong>Ein bleibendes Zeichen f\u00fcr einen besonderen Glaubensmoment<\/strong><br>Dieses liebevoll gestaltete <strong>Kreuz zur Kommunion<\/strong> begleitet Kinder symbolisch auf ihrem weiteren Lebensweg. Mit einem schlichten, floralen Design und einem pers\u00f6nlichen Namen graviert, wird es zu einem einzigartigen Geschenk zur ersten heiligen Kommunion.<\/p>\n\n\n\n<p>\ud83d\udcac <strong>Mit Gebetstext &amp; floralen Details<\/strong><br>Der Text \u201eLieber Gott, ich bitte dich, besch\u00fctze und begleite mich. Ob bei Sonne, ob bei Nacht \u2013 hab stets \u00fcber mich gewacht.\u201c ist fein in das Holz graviert und verleiht dem Kreuz eine tiefe, spirituelle Botschaft. Ein florales Motiv verbindet den oberen und linken Bereich \u2013 dezent, zart und harmonisch.<\/p>\n\n\n\n<p>\u270d\ufe0f <strong>Mit pers\u00f6nlichem Namen<\/strong><br>In der Mitte des Kreuzes wird der <strong>Name des Kommunionkindes<\/strong> eingraviert \u2013 auf Wunsch auch mit Datum oder erg\u00e4nzendem Text. So wird das Kreuz zu einem pers\u00f6nlichen Erinnerungsst\u00fcck f\u00fcr viele Jahre.<\/p>\n\n\n\n<p>\ud83d\udd4a\ufe0f <strong>Ideal als Geschenk zur Kommunion<\/strong><br>Ob von den Paten, Gro\u00dfeltern oder der Familie \u2013 dieses Kreuz ist ein wertvolles und symboltr\u00e4chtiges Geschenk, das Glauben und Geborgenheit vermittelt.<\/p>\n\n\n\n<p>\ud83c\udf3f <strong>Nat\u00fcrlich sch\u00f6n<\/strong><br>Holz ist ein Naturmaterial \u2013 kein St\u00fcck gleicht dem anderen. Farbnuancen, Astl\u00f6cher oder feine Maserungen machen jedes Schild zum echten Unikat. Wer den Lagerfeuerduft nicht mag, kann ihn mit einem Spritzer Essig mildern<\/p>\n\n\n\n<hr class=\"wp-block-separator has-alpha-channel-opacity\"\/>\n\n\n\n<p>\ud83d\udce6 <strong>Verf\u00fcgbarkeit, Abholung &amp; Versand:<\/strong><br><br>Die Produkte werden in liebevoller Handarbeit von Katzenfreunden in kleinen Mengen gefertigt und sind daher <strong>nur begrenzt verf\u00fcgbar<\/strong>. <\/p>\n\n\n\n<p><strong>Abholung <\/strong>ist in der <strong>VETPraxis f\u00fcr Kleintiere GmbH<\/strong> in 63599 Biebergem\u00fcnd-Kassel zu den <a href=\"https:\/\/www.praxis-kleintiere.de\" title=\"\">\u00d6ffnungszeiten<\/a> m\u00f6glich. <br>Sobald die Bestellung abholbereit ist, senden wir eine E-Mail. Kontaktier uns bitte, falls das Produkt zu einem gewissen Datum abholbereit sein soll per Mail an <a href=\"mailto:webmaster@katzenzuahuse.de\" title=\"mailto:webmaster@katzenzuahuse.de\">webmaster@katzenzuahuse.de<\/a> <\/p>\n\n\n\n<p><strong>Versand <\/strong>erfolgt per DHL.<\/p>\n","protected":false},"excerpt":{"rendered":"<p>Kommunionkreuz aus Holz mit Gebet &amp; Name \u2013 Geschenk zur Kommunion mit floraler Gravur<\/p>\n","protected":false},"featured_media":7711,"template":"","meta":[],"product_brand":[],"product_cat":[78,88],"product_tag":[],"class_list":{"0":"post-7341","1":"product","2":"type-product","3":"status-publish","4":"has-post-thumbnail","6":"product_cat-anlaesse-und-geschenke","7":"product_cat-personalisierbar","8":"product_shipping_class-versand-gross","10":"first","11":"instock","12":"shipping-taxable","13":"purchasable","14":"product-type-simple"},"aioseo_notices":[],"_links":{"self":[{"href":"https:\/\/katzenzuhause-shop.de\/index.php?rest_route=\/wp\/v2\/product\/7341","targetHints":{"allow":["GET"]}}],"collection":[{"href":"https:\/\/katzenzuhause-shop.de\/index.php?rest_route=\/wp\/v2\/product"}],"about":[{"href":"https:\/\/katzenzuhause-shop.de\/index.php?rest_route=\/wp\/v2\/types\/product"}],"wp:featuredmedia":[{"embeddable":true,"href":"https:\/\/katzenzuhause-shop.de\/index.php?rest_route=\/wp\/v2\/media\/7711"}],"wp:attachment":[{"href":"https:\/\/katzenzuhause-shop.de\/index.php?rest_route=%2Fwp%2Fv2%2Fmedia&parent=7341"}],"wp:term":[{"taxonomy":"product_brand","embeddable":true,"href":"https:\/\/katzenzuhause-shop.de\/index.php?rest_route=%2Fwp%2Fv2%2Fproduct_brand&post=7341"},{"taxonomy":"product_cat","embeddable":true,"href":"https:\/\/katzenzuhause-shop.de\/index.php?rest_route=%2Fwp%2Fv2%2Fproduct_cat&post=7341"},{"taxonomy":"product_tag","embeddable":true,"href":"https:\/\/katzenzuhause-shop.de\/index.php?rest_route=%2Fwp%2Fv2%2Fproduct_tag&post=7341"}],"curies":[{"name":"wp","href":"https:\/\/api.w.org\/{rel}","templated":true}]}}