{"id":7299,"date":"2025-10-21T15:25:21","date_gmt":"2025-10-21T15:25:21","guid":{"rendered":"http:\/\/katzenzuhause-shop.de\/?post_type=product&#038;p=7299"},"modified":"2025-11-27T15:11:17","modified_gmt":"2025-11-27T15:11:17","slug":"osterei-aus-holz-zum-bemalen-fuer-fenster-oder-eingang","status":"publish","type":"product","link":"https:\/\/katzenzuhause-shop.de\/?product=osterei-aus-holz-zum-bemalen-fuer-fenster-oder-eingang","title":{"rendered":"Osterei aus Holz \u2013 zum Bemalen f\u00fcr Fenster oder Eingang"},"content":{"rendered":"\n<p>\ud83c\udf38 <strong>Nat\u00fcrlich kreativ zu Ostern<\/strong><br>Diese liebevoll gefertigten <strong>Ostereier aus Holz<\/strong> sind die perfekte Grundlage f\u00fcr deine osterliche Bastelzeit. Ob bemalt, beklebt oder naturbelassen \u2013 sie lassen sich vielseitig gestalten und sorgen f\u00fcr eine ganz pers\u00f6nliche Osterdeko.<\/p>\n\n\n\n<p>\ud83c\udfa8 <strong>Kreativer Spa\u00df f\u00fcr Gro\u00df &amp; Klein<\/strong><br>Jedes Ei kann nach Belieben bemalt, beklebt, beschriftet oder mit Band aufgeh\u00e4ngt werden. Nat\u00fcrlich macht es auch pur eine tolle Figur \u2013 ganz im skandinavischen Stil.<\/p>\n\n\n\n<p>Die Ostereier bieten viel Platz f\u00fcr Kreativit\u00e4t \u2013 ideal f\u00fcr Kinder, DIY-Fans und alle, die nat\u00fcrliche Deko lieben. Auch als Geschenk oder als Besch\u00e4ftigung f\u00fcr den Osterbrunch-Tisch ein echter Hit!<\/p>\n\n\n\n<p>\ud83d\udccf <strong>Ma\u00dfe ca.:<\/strong> H\u00f6he: 10 cm x Breite: 7 cm &#8211; Materialst\u00e4rke: ca. 0,4\u202fcm<\/p>\n\n\n\n<p>\ud83c\udf3f <strong>Nat\u00fcrlich sch\u00f6n<\/strong><br>Holz ist ein Naturmaterial \u2013 kein St\u00fcck gleicht dem anderen. Farbnuancen, Astl\u00f6cher oder feine Maserungen machen jedes Schild zum echten Unikat. Wer den Lagerfeuerduft nicht mag, kann ihn mit einem Spritzer Essig mildern<\/p>\n\n\n\n<hr class=\"wp-block-separator has-alpha-channel-opacity\"\/>\n\n\n\n<p>\ud83d\udce6 <strong>Verf\u00fcgbarkeit, Abholung &amp; Versand:<\/strong><br><br>Die Produkte werden in liebevoller Handarbeit von Katzenfreunden in kleinen Mengen gefertigt und sind daher <strong>nur begrenzt verf\u00fcgbar<\/strong>. <\/p>\n\n\n\n<p><strong>Abholung <\/strong>ist in der <strong>VETPraxis f\u00fcr Kleintiere GmbH<\/strong> in 63599 Biebergem\u00fcnd-Kassel zu den <a href=\"https:\/\/www.praxis-kleintiere.de\" title=\"\">\u00d6ffnungszeiten<\/a> m\u00f6glich. <br>Sobald die Bestellung abholbereit ist, senden wir eine E-Mail. Kontaktier uns bitte, falls das Produkt zu einem gewissen Datum abholbereit sein soll per Mail an <a href=\"mailto:webmaster@katzenzuahuse.de\" title=\"mailto:webmaster@katzenzuahuse.de\">webmaster@katzenzuahuse.de<\/a> <\/p>\n\n\n\n<p><strong>Versand <\/strong>erfolgt per DHL.<\/p>\n","protected":false},"excerpt":{"rendered":"<p>Osterei aus Holz \u2013 ideal zum Bemalen, Bekleben oder als nat\u00fcrliche Osterdeko.\u00a0<\/p>\n","protected":false},"featured_media":7281,"template":"","meta":[],"product_brand":[],"product_cat":[54],"product_tag":[],"class_list":{"0":"post-7299","1":"product","2":"type-product","3":"status-publish","4":"has-post-thumbnail","6":"product_cat-fruehling-und-ostern","7":"product_shipping_class-versand-gross","9":"first","10":"instock","11":"shipping-taxable","12":"purchasable","13":"product-type-simple"},"aioseo_notices":[],"_links":{"self":[{"href":"https:\/\/katzenzuhause-shop.de\/index.php?rest_route=\/wp\/v2\/product\/7299","targetHints":{"allow":["GET"]}}],"collection":[{"href":"https:\/\/katzenzuhause-shop.de\/index.php?rest_route=\/wp\/v2\/product"}],"about":[{"href":"https:\/\/katzenzuhause-shop.de\/index.php?rest_route=\/wp\/v2\/types\/product"}],"wp:featuredmedia":[{"embeddable":true,"href":"https:\/\/katzenzuhause-shop.de\/index.php?rest_route=\/wp\/v2\/media\/7281"}],"wp:attachment":[{"href":"https:\/\/katzenzuhause-shop.de\/index.php?rest_route=%2Fwp%2Fv2%2Fmedia&parent=7299"}],"wp:term":[{"taxonomy":"product_brand","embeddable":true,"href":"https:\/\/katzenzuhause-shop.de\/index.php?rest_route=%2Fwp%2Fv2%2Fproduct_brand&post=7299"},{"taxonomy":"product_cat","embeddable":true,"href":"https:\/\/katzenzuhause-shop.de\/index.php?rest_route=%2Fwp%2Fv2%2Fproduct_cat&post=7299"},{"taxonomy":"product_tag","embeddable":true,"href":"https:\/\/katzenzuhause-shop.de\/index.php?rest_route=%2Fwp%2Fv2%2Fproduct_tag&post=7299"}],"curies":[{"name":"wp","href":"https:\/\/api.w.org\/{rel}","templated":true}]}}