{"id":7298,"date":"2025-10-21T13:38:04","date_gmt":"2025-10-21T13:38:04","guid":{"rendered":"http:\/\/katzenzuhause-shop.de\/?post_type=product&#038;p=7298"},"modified":"2025-12-17T10:24:54","modified_gmt":"2025-12-17T10:24:54","slug":"lesezeichen-pfote-oder-katzenkoepfchen","status":"publish","type":"product","link":"https:\/\/katzenzuhause-shop.de\/?product=lesezeichen-pfote-oder-katzenkoepfchen","title":{"rendered":"Lesezeichen \u2013 Pfote oder Katzenk\u00f6pfchen"},"content":{"rendered":"\n<p>\ud83d\udcda <strong>Lesezeichen mit Katzenschnurren-Charme<\/strong><br>Ob f\u00fcr Katzenfreunde, Studierende, K\u00f6che, B\u00fccherw\u00fcrmer oder beide \u2013 dieses Lesezeichen aus Holz bringt Freude beim Lesen und ist ein liebevolles kleines Geschenk f\u00fcr dich selbst oder andere.<\/p>\n\n\n\n<p>\ud83d\udc31 <strong>Zwei Varianten zur Auswahl<\/strong><br>Du kannst zwischen zwei niedlichen Designs w\u00e4hlen:<\/p>\n\n\n\n<ul class=\"wp-block-list\">\n<li><strong>Katzenk\u00f6pfchen<\/strong><br>Ma\u00dfe: ca. 9\u202fcm hoch, max. 3\u202fcm breit<br><\/li>\n\n\n\n<li><strong>Katzenpfote<\/strong><br>Ma\u00dfe: ca. 10\u202fcm hoch, max. 2,5\u202fcm breit<\/li>\n<\/ul>\n\n\n\n<p>Die Form ist schlicht und d\u00fcnn \u2013 perfekt, um sie zwischen den Seiten hervorschauen zu lassen.<\/p>\n\n\n\n<p>\ud83c\udfa8 <strong>Farbe: Zuf\u00e4llig &amp; \u00fcberraschend<\/strong><br>Die Farbwahl erfolgt zuf\u00e4llig \u2013 jede Bestellung ist ein kleines \u00dcberraschungspaket!<\/p>\n\n\n\n<p>\ud83c\udf81 <strong>Kleine Aufmerksamkeit mit Herz<\/strong><br>Ob als Geschenk zum Buch, als Mitbringsel oder einfach f\u00fcr den eigenen Lesespa\u00df \u2013 dieses Lesezeichen ist ein tierisch sch\u00f6ner Alltagsbegleiter.<\/p>\n\n\n\n<hr class=\"wp-block-separator has-alpha-channel-opacity\"\/>\n\n\n\n<p>\ud83d\udce6 <strong>Verf\u00fcgbarkeit, Abholung &amp; Versand:<\/strong><br><br>Die Produkte werden in liebevoller Handarbeit von Katzenfreunden in kleinen Mengen gefertigt und sind daher <strong>nur begrenzt verf\u00fcgbar<\/strong>. <\/p>\n\n\n\n<p><strong>Abholung <\/strong>ist in der <strong>VETPraxis f\u00fcr Kleintiere GmbH<\/strong> in 63599 Biebergem\u00fcnd-Kassel zu den <a href=\"https:\/\/www.praxis-kleintiere.de\" title=\"\">\u00d6ffnungszeiten<\/a> m\u00f6glich. <br>Sobald die Bestellung abholbereit ist, senden wir eine E-Mail. Kontaktier uns bitte, falls das Produkt zu einem gewissen Datum abholbereit sein soll per Mail an <a href=\"mailto:webmaster@katzenzuahuse.de\" title=\"mailto:webmaster@katzenzuahuse.de\">webmaster@katzenzuahuse.de<\/a> <\/p>\n\n\n\n<p><strong>Versand <\/strong>erfolgt per DHL.<\/p>\n","protected":false},"excerpt":{"rendered":"<p>Lesezeichen mit Katzenmotiv \u2013 w\u00e4hlbar als Pfote oder K\u00f6pfchen. In zuf\u00e4lliger Farbe.\u00a0<\/p>\n","protected":false},"featured_media":7708,"template":"","meta":[],"product_brand":[],"product_cat":[78],"product_tag":[],"class_list":{"0":"post-7298","1":"product","2":"type-product","3":"status-publish","4":"has-post-thumbnail","6":"product_cat-anlaesse-und-geschenke","7":"product_shipping_class-versand-klein","9":"first","10":"instock","11":"shipping-taxable","12":"purchasable","13":"product-type-simple"},"aioseo_notices":[],"_links":{"self":[{"href":"https:\/\/katzenzuhause-shop.de\/index.php?rest_route=\/wp\/v2\/product\/7298","targetHints":{"allow":["GET"]}}],"collection":[{"href":"https:\/\/katzenzuhause-shop.de\/index.php?rest_route=\/wp\/v2\/product"}],"about":[{"href":"https:\/\/katzenzuhause-shop.de\/index.php?rest_route=\/wp\/v2\/types\/product"}],"wp:featuredmedia":[{"embeddable":true,"href":"https:\/\/katzenzuhause-shop.de\/index.php?rest_route=\/wp\/v2\/media\/7708"}],"wp:attachment":[{"href":"https:\/\/katzenzuhause-shop.de\/index.php?rest_route=%2Fwp%2Fv2%2Fmedia&parent=7298"}],"wp:term":[{"taxonomy":"product_brand","embeddable":true,"href":"https:\/\/katzenzuhause-shop.de\/index.php?rest_route=%2Fwp%2Fv2%2Fproduct_brand&post=7298"},{"taxonomy":"product_cat","embeddable":true,"href":"https:\/\/katzenzuhause-shop.de\/index.php?rest_route=%2Fwp%2Fv2%2Fproduct_cat&post=7298"},{"taxonomy":"product_tag","embeddable":true,"href":"https:\/\/katzenzuhause-shop.de\/index.php?rest_route=%2Fwp%2Fv2%2Fproduct_tag&post=7298"}],"curies":[{"name":"wp","href":"https:\/\/api.w.org\/{rel}","templated":true}]}}