{"id":7248,"date":"2025-10-21T12:19:56","date_gmt":"2025-10-21T12:19:56","guid":{"rendered":"http:\/\/katzenzuhause-shop.de\/?post_type=product&#038;p=7248"},"modified":"2025-12-17T10:05:04","modified_gmt":"2025-12-17T10:05:04","slug":"eingangsschild-liebevolle-herbstdeko-fuer-die-haustuer","status":"publish","type":"product","link":"https:\/\/katzenzuhause-shop.de\/?product=eingangsschild-liebevolle-herbstdeko-fuer-die-haustuer","title":{"rendered":"Eingangsschild \u2013 liebevolle Herbstdeko f\u00fcr die Haust\u00fcr"},"content":{"rendered":"\n<p>\ud83c\udf41 <strong>Herbstliche Begr\u00fc\u00dfung f\u00fcr dein Zuhause<\/strong><br>Unser Eingangsschild \u201eHerbst\u201c bringt warme, einladende Stimmung direkt an deine Haust\u00fcr. Gefertigt aus Holz und verziert mit liebevollen Herbstmotiven, ist dieses Deko-Element ein echter Blickfang f\u00fcr G\u00e4ste, Nachbarn und nat\u00fcrlich dich selbst.<\/p>\n\n\n\n<p>\u2728 <strong>Drei herzerw\u00e4rmende Varianten zur Auswahl<\/strong><br>W\u00e4hle dein Lieblingsmotiv aus drei liebevoll gestalteten Designs:<\/p>\n\n\n\n<ul class=\"wp-block-list\">\n<li>Wundervolle Herbstmotive mit einem <strong>schlafenden Eichh\u00f6rnchen<\/strong>, das sanft eine<strong> Eichel in den Pf\u00f6tchen h\u00e4lt<\/strong><br><\/li>\n\n\n\n<li>Zauberhafte Herbstzeit mit einem <strong>niedlichen schlafenden Igel<\/strong>, der seine Eichel besch\u00fctzt<br><\/li>\n\n\n\n<li>Hall\u00f6chen Herbst mit einem v<strong>ertr\u00e4umten schlafenden Fuchs<\/strong>, eingerollt in wohliger Herbstruhe<\/li>\n<\/ul>\n\n\n\n<p>Alle Motive strahlen Gem\u00fctlichkeit und Geborgenheit aus \u2013 ideal f\u00fcr die goldene Jahreszeit.<\/p>\n\n\n\n<p>\ud83e\uddf5 <strong>Einfach zu befestigen<\/strong><br>Das Holzschild wird mit einer stabilen, nat\u00fcrlichen Schnur geliefert, sodass du es direkt an T\u00fcr, Wand oder Fenster anbringen kannst \u2013 ganz ohne Bohren.<\/p>\n\n\n\n<p>\ud83d\udd25 <strong>Handgemacht mit Charakter<\/strong><br>Mit Hilfe eines Lasers wird jedes Schild einzeln gefertigt. Die dabei entstehenden feinen Spuren verleihen dem Holz eine individuelle Note. Gleichzeitig entfaltet sich ein sanfter, romantischer Lagerfeuerduft \u2013 f\u00fcr die perfekte Herbststimmung. Wer den Geruch nicht mag, kann ihn mit etwas Essig neutralisieren.<\/p>\n\n\n\n<p>\ud83c\udf3f <strong>Nat\u00fcrlich sch\u00f6n<\/strong><br>Holz ist ein Naturmaterial \u2013 kein St\u00fcck gleicht dem anderen. Farbnuancen, Astl\u00f6cher oder feine Maserungen machen jedes Schild zum echten Unikat. Wer den Lagerfeuerduft nicht mag, kann ihn mit einem Spritzer Essig mildern<\/p>\n\n\n\n<hr class=\"wp-block-separator has-alpha-channel-opacity\"\/>\n\n\n\n<p>\ud83d\udce6 <strong>Verf\u00fcgbarkeit, Abholung &amp; Versand:<\/strong><br><br>Die Produkte werden in liebevoller Handarbeit von Katzenfreunden in kleinen Mengen gefertigt und sind daher <strong>nur begrenzt verf\u00fcgbar<\/strong>. <\/p>\n\n\n\n<p><strong>Abholung <\/strong>ist in der <strong>VETPraxis f\u00fcr Kleintiere GmbH<\/strong> in 63599 Biebergem\u00fcnd-Kassel zu den <a href=\"https:\/\/www.praxis-kleintiere.de\" title=\"\">\u00d6ffnungszeiten<\/a> m\u00f6glich. <br>Sobald die Bestellung abholbereit ist, senden wir eine E-Mail. Kontaktier uns bitte, falls das Produkt zu einem gewissen Datum abholbereit sein soll per Mail an <a href=\"mailto:webmaster@katzenzuahuse.de\" title=\"mailto:webmaster@katzenzuahuse.de\">webmaster@katzenzuahuse.de<\/a> <\/p>\n\n\n\n<p><strong>Versand <\/strong>erfolgt per DHL.<\/p>\n","protected":false},"excerpt":{"rendered":"<p>Herbstliches Eingangsschild aus Holz zum Aufh\u00e4ngen \u2013 mit liebevoll gestalteten Motiven (Fuchs, Igel oder Eichh\u00f6rnchen). Handgemacht und naturbelassen<\/p>\n","protected":false},"featured_media":7693,"template":"","meta":[],"product_brand":[],"product_cat":[30],"product_tag":[],"class_list":{"0":"post-7248","1":"product","2":"type-product","3":"status-publish","4":"has-post-thumbnail","6":"product_cat-herbst","7":"product_shipping_class-versand-klein","9":"first","10":"instock","11":"shipping-taxable","12":"purchasable","13":"product-type-variable"},"aioseo_notices":[],"_links":{"self":[{"href":"https:\/\/katzenzuhause-shop.de\/index.php?rest_route=\/wp\/v2\/product\/7248","targetHints":{"allow":["GET"]}}],"collection":[{"href":"https:\/\/katzenzuhause-shop.de\/index.php?rest_route=\/wp\/v2\/product"}],"about":[{"href":"https:\/\/katzenzuhause-shop.de\/index.php?rest_route=\/wp\/v2\/types\/product"}],"wp:featuredmedia":[{"embeddable":true,"href":"https:\/\/katzenzuhause-shop.de\/index.php?rest_route=\/wp\/v2\/media\/7693"}],"wp:attachment":[{"href":"https:\/\/katzenzuhause-shop.de\/index.php?rest_route=%2Fwp%2Fv2%2Fmedia&parent=7248"}],"wp:term":[{"taxonomy":"product_brand","embeddable":true,"href":"https:\/\/katzenzuhause-shop.de\/index.php?rest_route=%2Fwp%2Fv2%2Fproduct_brand&post=7248"},{"taxonomy":"product_cat","embeddable":true,"href":"https:\/\/katzenzuhause-shop.de\/index.php?rest_route=%2Fwp%2Fv2%2Fproduct_cat&post=7248"},{"taxonomy":"product_tag","embeddable":true,"href":"https:\/\/katzenzuhause-shop.de\/index.php?rest_route=%2Fwp%2Fv2%2Fproduct_tag&post=7248"}],"curies":[{"name":"wp","href":"https:\/\/api.w.org\/{rel}","templated":true}]}}